{"id":3682,"date":"2024-11-15T22:04:22","date_gmt":"2024-11-15T21:04:22","guid":{"rendered":"https:\/\/plazapetperu.com\/?product=supercan-carne-y-cereales-adultos-razas-pequenas-15-kg"},"modified":"2024-11-15T22:04:22","modified_gmt":"2024-11-15T21:04:22","slug":"supercan-carne-y-cereales-adultos-razas-pequenas-15-kg","status":"publish","type":"product","link":"https:\/\/plazapetperu.com\/?product=supercan-carne-y-cereales-adultos-razas-pequenas-15-kg","title":{"rendered":"SUPERCAN Carne y Cereales Adultos Razas Peque\u00f1as (15 kg)"},"content":{"rendered":"<p>SUPERCAN Carne y Cereales est\u00e1 dise\u00f1ado para cubrir las necesidades de perros adultos de razas peque\u00f1as, proporcionando prote\u00ednas esenciales para mantener m\u00fasculos fuertes y cereales que favorecen una digesti\u00f3n saludable. Las croquetas tienen un tama\u00f1o ideal para las mand\u00edbulas m\u00e1s peque\u00f1as.<\/p>\n<p>La porci\u00f3n diaria recomendada var\u00eda entre 70-150 g, seg\u00fan peso y actividad. SUPERCAN es la elecci\u00f3n perfecta para el bienestar de tu mascota.<\/p>\n","protected":false},"excerpt":{"rendered":"<p>Nutrici\u00f3n adaptada para perros adultos de razas peque\u00f1as, con carne y cereales de alta calidad.<\/p>\n","protected":false},"featured_media":3583,"comment_status":"open","ping_status":"closed","template":"","meta":[],"product_brand":[],"product_cat":[124],"product_tag":[],"class_list":{"0":"post-3682","1":"product","2":"type-product","3":"status-publish","4":"has-post-thumbnail","6":"product_cat-perritos","9":"instock","10":"shipping-taxable","11":"purchasable","12":"product-type-simple","13":"add-to-wishlist-after_add_to_cart"},"_links":{"self":[{"href":"https:\/\/plazapetperu.com\/index.php?rest_route=\/wp\/v2\/product\/3682","targetHints":{"allow":["GET"]}}],"collection":[{"href":"https:\/\/plazapetperu.com\/index.php?rest_route=\/wp\/v2\/product"}],"about":[{"href":"https:\/\/plazapetperu.com\/index.php?rest_route=\/wp\/v2\/types\/product"}],"replies":[{"embeddable":true,"href":"https:\/\/plazapetperu.com\/index.php?rest_route=%2Fwp%2Fv2%2Fcomments&post=3682"}],"wp:featuredmedia":[{"embeddable":true,"href":"https:\/\/plazapetperu.com\/index.php?rest_route=\/wp\/v2\/media\/3583"}],"wp:attachment":[{"href":"https:\/\/plazapetperu.com\/index.php?rest_route=%2Fwp%2Fv2%2Fmedia&parent=3682"}],"wp:term":[{"taxonomy":"product_brand","embeddable":true,"href":"https:\/\/plazapetperu.com\/index.php?rest_route=%2Fwp%2Fv2%2Fproduct_brand&post=3682"},{"taxonomy":"product_cat","embeddable":true,"href":"https:\/\/plazapetperu.com\/index.php?rest_route=%2Fwp%2Fv2%2Fproduct_cat&post=3682"},{"taxonomy":"product_tag","embeddable":true,"href":"https:\/\/plazapetperu.com\/index.php?rest_route=%2Fwp%2Fv2%2Fproduct_tag&post=3682"}],"curies":[{"name":"wp","href":"https:\/\/api.w.org\/{rel}","templated":true}]}}