{"id":3699,"date":"2024-11-15T22:04:23","date_gmt":"2024-11-15T21:04:23","guid":{"rendered":"https:\/\/plazapetperu.com\/?product=zeus-adulto-carne-25-kg"},"modified":"2024-11-15T22:16:07","modified_gmt":"2024-11-15T21:16:07","slug":"zeus-adulto-carne-25-kg","status":"publish","type":"product","link":"https:\/\/plazapetperu.com\/?product=zeus-adulto-carne-25-kg","title":{"rendered":"ZEUS Adulto Carne (25 kg)"},"content":{"rendered":"<p>ZEUS Adulto Carne ofrece una f\u00f3rmula rica en prote\u00ednas de carne para mantener m\u00fasculos fuertes, acompa\u00f1ada de vitaminas y minerales que refuerzan el sistema inmunol\u00f3gico. Su tama\u00f1o de 25 kg es ideal para hogares con m\u00faltiples perros o razas grandes.<\/p>\n<p>La porci\u00f3n diaria recomendada var\u00eda entre 300-600 g, ajustando seg\u00fan peso y actividad. ZEUS combina calidad y cantidad para una nutrici\u00f3n confiable.<\/p>\n","protected":false},"excerpt":{"rendered":"<p>Alimento nutritivo y econ\u00f3mico con carne para perros adultos.<\/p>\n","protected":false},"featured_media":3599,"comment_status":"open","ping_status":"closed","template":"","meta":[],"product_brand":[],"product_cat":[130,127,124],"product_tag":[],"class_list":{"0":"post-3699","1":"product","2":"type-product","3":"status-publish","4":"has-post-thumbnail","6":"product_cat-alimentoseco","7":"product_cat-alimentos","8":"product_cat-perritos","11":"instock","12":"shipping-taxable","13":"purchasable","14":"product-type-simple","15":"add-to-wishlist-after_add_to_cart"},"_links":{"self":[{"href":"https:\/\/plazapetperu.com\/index.php?rest_route=\/wp\/v2\/product\/3699","targetHints":{"allow":["GET"]}}],"collection":[{"href":"https:\/\/plazapetperu.com\/index.php?rest_route=\/wp\/v2\/product"}],"about":[{"href":"https:\/\/plazapetperu.com\/index.php?rest_route=\/wp\/v2\/types\/product"}],"replies":[{"embeddable":true,"href":"https:\/\/plazapetperu.com\/index.php?rest_route=%2Fwp%2Fv2%2Fcomments&post=3699"}],"wp:featuredmedia":[{"embeddable":true,"href":"https:\/\/plazapetperu.com\/index.php?rest_route=\/wp\/v2\/media\/3599"}],"wp:attachment":[{"href":"https:\/\/plazapetperu.com\/index.php?rest_route=%2Fwp%2Fv2%2Fmedia&parent=3699"}],"wp:term":[{"taxonomy":"product_brand","embeddable":true,"href":"https:\/\/plazapetperu.com\/index.php?rest_route=%2Fwp%2Fv2%2Fproduct_brand&post=3699"},{"taxonomy":"product_cat","embeddable":true,"href":"https:\/\/plazapetperu.com\/index.php?rest_route=%2Fwp%2Fv2%2Fproduct_cat&post=3699"},{"taxonomy":"product_tag","embeddable":true,"href":"https:\/\/plazapetperu.com\/index.php?rest_route=%2Fwp%2Fv2%2Fproduct_tag&post=3699"}],"curies":[{"name":"wp","href":"https:\/\/api.w.org\/{rel}","templated":true}]}}